+ 15*i**2 + 37*i + 20. Give p(-12).
8
Let b(t) = -6*t + 144. Determine b(32).
-48
Let i(y) = -2*y**3 + 27*y**2 + 13*y + 10. What is i(14)?
-4
Let g(x) = -6*x + 12. Determine g(6).
-24
Let g(t) = t + 7. What is g(-7)?
0
Let s(b) = 18*b - 4. What is s(-5)?
-94
Let f(q) = 2*q**3 + 83*q**2 - 42*q + 14. Determine f(-42).
14
Let n(l) = -l**2 + 5*l - 16. Calculate n(3).
-10
Let m(d) = d**2 - 9*d - 11. Give m(11).
11
Let j(s) = -9*s - 33. Calculate j(-5).
12
Let f(h) = -7*h + 3. Give f(3).
-18
Let s(m) = -m**3 + 44*m**2 + m - 38. Give s(44).
6
Let c(d) = 2*d**2 + 6*d + 8. Calculate c(-6).
44
Let r(a) = -40*a. What is r(1)?
-40
Let g(o) = -8*o + 1. Calculate g(4).
-31
Let q(s) = 19*s**2 - s - 2. Calculate q(2).
72
Let a(c) = -c**2 + 15*c + 26. Determine a(15).
26
Let b(s) = -s**3 - 2*s**2 + 2*s + 3. What is b(-3)?
6
Let i(y) = -3*y**2 + 4*y - 4. Give i(2).
-8
Let k(r) = 25*r + 164. What is k(-6)?
14
Let m(u) = -u**2 + 23*u - 50. What is m(21)?
-8
Let c(z) = -z**2 + 34*z - 77. Calculate c(31).
16
Let z(r) = -r**2 + 9*r - 14. Calculate z(8).
-6
Let q(o) = -o**2 + o - 5. What is q(-9)?
-95
Let c(j) = -2*j**3 + 2*j**2 - j. Give c(1).
-1
Let t(l) = l**3 - 23*l**2 - 25*l - 3. Calculate t(24).
-27
Let o(h) = h**3 + 5*h**2 - 5*h - 9. Determine o(-5).
16
Let b(q) = 9*q**2 - 48*q + 10. Determine b(5).
-5
Let m(k) = 2*k**2 - 13*k - 13. Calculate m(-1).
2
Let g(s) = 30*s + 359. Calculate g(-12).
-1
Let n(y) = y**3 - 6*y**2 + 2*y - 11. Determine n(7).
52
Let w(h) = 3*h - 21. Calculate w(14).
21
Let p(t) = -t**2 + 2*t - 5. Calculate p(9).
-68
Let l(d) = 52*d + 101. Calculate l(-2).
-3
Let g(q) = 2*q**3 - q**2 + q + 1. Determine g(-1).
-3
Let f(k) = -3*k**2 - 6*k. Calculate f(-4).
-24
Let q(d) = 3*d + 1. What is q(3)?
10
Let u(g) = g**3 + 6*g**2 + g + 6. What is u(-6)?
0
Let k(p) = -66*p - 9. Calculate k(-2).
123
Let s(m) = m**2 - 24*m + 140. What is s(13)?
-3
Let n(k) = -k**3 - 23*k**2 - 40*k + 38. Calculate n(-21).
-4
Let g(k) = -9*k**2 - 32*k + 1. What is g(-4)?
-15
Let i(x) = x**3 + 4*x**2 - 13*x + 2. Calculate i(3).
26
Let t(y) = -17*y**2 + 88*y - 11. Determine t(5).
4
Let n(a) = -a**2 + 8*a - 5. What is n(5)?
10
Let r(w) = w**2 - 18*w + 59. Calculate r(8).
-21
Let t(d) = -8*d**2 + d + 1. Determine t(1).
-6
Let n(j) = -j**3 + 8*j**2 - 3*j + 9. Calculate n(7).
37
Let r(o) = -o**2 + 4*o - 6. Calculate r(5).
-11
Let n(v) = -v**2 + 65*v - 64. Determine n(1).
0
Let u(m) = m**3 - 8*m**2 + 15*m + 1. Give u(5).
1
Let d(v) = -5*v - 28. Determine d(-12).
32
Let d(a) = 3*a**2 + 2. Give d(4).
50
Let m(s) = s**3 + 14*s**2 + 19. Calculate m(-14).
19
Let d(k) = -16*k + 261. Determine d(16).
5
Let n(s) = 25*s + 995. Give n(-40).
-5
Let z(l) = -4*l**2 + l + 2. Calculate z(-1).
-3
Let z(k) = k**2 + 13*k - 11. Give z(-15).
19
Let g(r) = -9*r - 23. Determine g(-2).
-5
Let p(o) = o**3 + 3*o**2 + o + 4. Determine p(-2).
6
Let h(w) = 6*w**2 - 6*w - 4. Give h(2).
8
Let a(q) = 5*q + 7. What is a(12)?
67
Let n(x) = -6*x**2 + 13*x + 1. Determine n(2).
3
Let f(b) = b**2 - 3*b + 2. Calculate f(3).
2
Let f(i) = -i**3 - 6*i**2 - 5*i - 8. Calculate f(-6).
22
Let d(j) = -j**3 - 9*j**2 - 11*j - 9. Calculate d(-8).
15
Let z(s) = -4*s**2 + 6*s - 7. Calculate z(5).
-77
Let v(u) = -u + 6. Determine v(-5).
11
Let p(f) = -f**2 + 17*f - 25. Determine p(10).
45
Let k(j) = 2*j**3 - 2*j**2 - 2*j - 1. Give k(-1).
-3
Let r(l) = -24*l**3 - l**2 + 3*l - 2. Give r(1).
-24
Let k(t) = t**2 + 9*t. Give k(-10).
10
Let g(l) = l**3 + 2*l**2 - 2*l - 2. Give g(-2).
2
Let r(d) = -d**2 + 12*d - 15. Give r(11).
-4
Let a(h) = h**2 - h - 3. What is a(3)?
3
Let d(i) = i**3 - 8*i**2 - 9*i - 5. Give d(9).
-5
Let o(g) = -2*g - 17. Give o(-17).
17
Let p(d) = d**3 - 46*d**2 + 48*d - 142. Determine p(45).
-7
Let m(u) = -u**3 + 7*u**2 - 11*u + 6. What is m(5)?
1
Let x(i) = -i**2 + i + 1. Determine x(0).
1
Let t(k) = 3*k - 171. What is t(58)?
3
Let r(u) = 32*u - 136. Determine r(4).
-8
Let i(v) = -v**3 + 38*v**2 + 46*v - 282. Calculate i(39).
-9
Let p(i) = 7*i - 73. What is p(9)?
-10
Let i(k) = 4*k**3 - k**2 + 2*k - 1. Determine i(1).
4
Let r(y) = 2*y**2 - 3*y - 5. Give r(3).
4
Let d(y) = -8*y - 3. Calculate d(-4).
29
Let w(s) = -s + 43. Determine w(21).
22
Let j(f) = -2*f**2 + 13*f + 9. Determine j(7).
2
Let f(i) = -40*i**3 - i**2 - i. Determine f(-1).
40
Let i(u) = u**2 + 2*u - 8. What is i(-7)?
27
Let n(h) = h**2 + 8*h - 20. Determine n(-10).
0
Let y(c) = c**2 + 15*c + 70. Calculate y(-13).
44
Let v(u) = 22*u + 24. Give v(-3).
-42
Let d(u) = u**3 - 6*u**2 - 2*u - 41. What is d(7)?
-6
Let s(z) = -z**3 - 29*z**2 - 48*z + 154. Give s(-27).
-8
Let b(o) = -o**3 + 7*o**2 - 7*o + 7. Determine b(6).
1
Let a(q) = -4*q**2 + 4*q + 4. Give a(4).
-44
Let o(s) = 5*s - 204. Determine o(41).
1
Let p(v) = -v**3 - 18*v**2 + 44*v + 7. What is p(-20)?
-73
Let v(y) = 11*y + 4. Calculate v(5).
59
Let q(l) = 2*l + 5. Give q(0).
5
Let y(p) = p**3 + 10*p**2 + 16*p + 2. What is y(-7)?
37
Let q(d) = d**3 + 2*d**2 + 3*d + 5. Give q(-2).
-1
Let s(g) = g - 1. Calculate s(-3).
-4
Let p(s) = -2*s**2 + 12*s. What is p(7)?
-14
Let v(x) = -x**2 + 2*x + 2. Give v(-3).
-13
Let q(g) = g**2 + 13*g + 24. Calculate q(-3).
-6
Let j(m) = 4*m + 4. What is j(-4)?
-12
Let c(v) = -v**3 + 7*v**2 + v - 5. Calculate c(6).
37
Let y(h) = h**3 - 3*h**2 + h - 3. Determine y(4).
17
Let f(a) = -3*a**3 + 2*a**2 + 2*a - 1. What is f(2)?
-13
Let a(q) = q**3 - 8*q**2 + 15*q. Give a(6).
18
Let k(s) = s**2 - 4*s - 10. Calculate k(7).
11
Let i(z) = -4*z**2 - 2*z - 2. What is i(3)?
-44
Let n(z) = z**2 + 9*z + 28. What is n(-6)?
10
Let x(o) = -o**2 + 7*o - 4. Determine x(8).
-12
Let s(k) = 3*k + 60. What is s(-11)?
27
Let s(a) = 5*a - 4. What is s(5)?
21
Let g(p) = -p**3 + 17*p**2 + 18*p. Determine g(18).
0
Let y(x) = 7*x + 80. Give y(-12).
-4
Let c(q) = 94*q + 836. Calculate c(-9).
-10
Let j(r) = -5*r**3. Give j(1).
-5
Let c(l) = -47*l + 231. Determine c(5).
-4
Let h(p) = p**3 - 7*p**2 - 7*p - 1. Give h(7).
-50
Let v(c) = -c**2 - 10*c - 18. Calculate v(-8).
-2
Let r(c) = -3*c + 23. Determine r(-8).
47
Let m(a) = -a**3 - 5*a**2 - 3*a - 49. Determine m(-6).
5
Let s(w) = 2*w**2 + 8*w - 1. Give s(-4).
-1
Let l(p) = 14*p**2 + p + 1. Determine l(1).
16
Let n(d) = -10*d. Give n(-2).
20
Let b(z) = z**2 + 26*z. Calculate b(-20).
-120
Let f(p) = p**3 - 8*p**2 - 5*p - 34. What is f(9)?
2
Let n(a) = -5*a**2 - 4*a - 9. What is n(-2)?
-21
Let b(g) = g + 13. Calculate b(-14).
-1
Let u(c) = 11*c - 64. What is u(11)?
57
Let y(x) = -3*x**2 - 2*x + 9. What is y(-4)?
-31
Let y(z) = -2*z**2 + 7*z + 22. What is y(-3)?
-17
Let p(d) = 2*d + 25. Determine p(-10).
5
Let x(d) = -2*d**3 - 14*d**2 - 6*d + 7. Calculate x(-7).
49
Let y(q) = -q**3 - 24*q**2 - 23*q - 7. Determine y(-23).
-7
Let i(l) = -5*l**2 + 30*l - 2. Determine i(6).
-2
Let c(a) = -a + 32. Determine c(11).
21
Let j(r) = r**3 - 63*r**2 + 62*r + 12. Give j(62).
12
Let n(t) = -t**3 - 15*t**2 - 16*t - 25. Calculate n(-14).
3
Let v(p) = 25*p**2 + 2*p + 1. Calculate v(-1).
24
Let j(g) = -2*g**3 - 3*g**2 + 5*g - 5. What is j(2)?
-23
Let p(z) = -2*z + 39. Give p(16).
7
Let u(a) = -a**2 - 4*a + 9. What is u(-5)?
4
Let a(o) = o**2 + 6*o - 39. Determine a(-14).
73
Let v(n) = -2*n + 6. Give v(-2).
10
Let l(s) = -3*s + 44. Give l(18).
-10
Let u(q) = -8*q - 44. Calculate u(-17).
92
Let h(d) = -d**2 + 71*d - 560. Give h(9).
-2
Let o(k) = 2*k**2 - 2*k + 11. What is o(4)?
35
Let o(h) = -h**3 - 12*h**2 - 34*h - 12. Give o(-5).
-17
Let w(q) = 12*q - 172. Give w(15).
8
Let f(c) = c**2 - 21*c + 74. Calculate f(19).
36
Let x(w) = w**2 - 8*w + 25. Give x(4).
9
Let q(d) = 3*d**2 - 3*d + 1. Calculate q(2).
7
Let o(u) = -6*u**2 - 17*u + 2. Determine o(-3).
-1
Let o(t) = -t**3 - 2*t**2 - 3*t + 4. Determine o(-3).
22
Let z(m) = m**2 - 18*m - 18. What is z(18)?
-18
Let f(d) = -d**3 + 10*d**2 + 20*d - 87. Calculate f(11).
12
Let f(a) = -2*a**3 - 3*a**2 - 3*a - 4. Determine f(-3).
32
Let v(h) = 37*h**2. What is v(1)?
37
Let l(h) = h**3 - 16*h**2 + 12*h + 51. Give l(15).
6
Let u(x) = -x**3 - 6*x**2 + 27*x + 1. What is u(-9)?
1
Let c(u) = -u**3 + 18*u**2 - u + 8. Calculate c(18).
-10
Let n(z) = -z**2 - z - 57. What is n(0)?
-57
Let z(w) = w**3 + 2*w**2 - 19*w - 6. Calculate z(-5).
14
Let u(c) = 3*c**2 + 19*c - 5. Give u(-7).
9
Let h(u) = u**3 - 6*u**2 + 10*u - 7. Calculate h(3).
-4